ded by 19?
17
Calculate the remainder when 53598 is divided by 13.
12
What is the remainder when 155 is divided by 21?
8
Calculate the remainder when 461 is divided by 212.
37
What is the remainder when 24 is divided by 7?
3
What is the remainder when 2066 is divided by 94?
92
What is the remainder when 388 is divided by 93?
16
Calculate the remainder when 86 is divided by 28.
2
What is the remainder when 674 is divided by 328?
18
Calculate the remainder when 167 is divided by 37.
19
What is the remainder when 190 is divided by 48?
46
What is the remainder when 1078 is divided by 135?
133
Calculate the remainder when 26 is divided by 12.
2
What is the remainder when 455 is divided by 92?
87
Calculate the remainder when 84 is divided by 30.
24
What is the remainder when 259 is divided by 12?
7
What is the remainder when 218 is divided by 60?
38
Calculate the remainder when 733 is divided by 256.
221
Calculate the remainder when 333 is divided by 21.
18
Calculate the remainder when 95 is divided by 34.
27
What is the remainder when 1418 is divided by 700?
18
Calculate the remainder when 243 is divided by 33.
12
What is the remainder when 319 is divided by 13?
7
Calculate the remainder when 3877 is divided by 278.
263
Calculate the remainder when 47 is divided by 29.
18
What is the remainder when 197 is divided by 73?
51
Calculate the remainder when 555 is divided by 27.
15
What is the remainder when 32 is divided by 13?
6
What is the remainder when 306 is divided by 21?
12
Calculate the remainder when 10155 is divided by 1128.
3
Calculate the remainder when 90 is divided by 13.
12
Calculate the remainder when 194 is divided by 9.
5
Calculate the remainder when 266 is divided by 195.
71
What is the remainder when 462 is divided by 33?
0
What is the remainder when 1187 is divided by 130?
17
Calculate the remainder when 3314 is divided by 85.
84
Calculate the remainder when 567 is divided by 173.
48
Calculate the remainder when 528 is divided by 28.
24
What is the remainder when 127 is divided by 66?
61
What is the remainder when 1146 is divided by 21?
12
Calculate the remainder when 1321 is divided by 34.
29
What is the remainder when 2361 is divided by 26?
21
Calculate the remainder when 484 is divided by 233.
18
What is the remainder when 7007 is divided by 219?
218
Calculate the remainder when 139 is divided by 58.
23
Calculate the remainder when 13507 is divided by 237.
235
Calculate the remainder when 101 is divided by 21.
17
What is the remainder when 1466 is divided by 13?
10
What is the remainder when 1559 is divided by 174?
167
What is the remainder when 371 is divided by 136?
99
Calculate the remainder when 317 is divided by 97.
26
Calculate the remainder when 245 is divided by 8.
5
Calculate the remainder when 5708 is divided by 83.
64
What is the remainder when 75 is divided by 19?
18
What is the remainder when 61 is divided by 55?
6
Calculate the remainder when 367 is divided by 133.
101
Calculate the remainder when 360 is divided by 19.
18
What is the remainder when 384 is divided by 77?
76
Calculate the remainder when 553 is divided by 133.
21
Calculate the remainder when 93 is divided by 4.
1
Calculate the remainder when 241 is divided by 60.
1
Calculate the remainder when 1733 is divided by 31.
28
What is the remainder when 737 is divided by 719?
18
What is the remainder when 177 is divided by 20?
17
What is the remainder when 1365 is divided by 155?
125
What is the remainder when 5681 is divided by 5?
1
What is the remainder when 1267 is divided by 34?
9
What is the remainder when 465 is divided by 48?
33
What is the remainder when 42 is divided by 4?
2
Calculate the remainder when 1331 is divided by 89.
85
What is the remainder when 86 is divided by 71?
15
Calculate the remainder when 25 is divided by 17.
8
What is the remainder when 114 is divided by 32?
18
Calculate the remainder when 1998 is divided by 118.
110
What is the remainder when 19681 is divided by 81?
79
What is the remainder when 141 is divided by 38?
27
What is the remainder when 882 is divided by 221?
219
Calculate the remainder when 888 is divided by 64.
56
Calculate the remainder when 128 is divided by 13.
11
What is the remainder when 322 is divided by 103?
13
What is the remainder when 1694 is divided by 14?
0
What is the remainder when 33 is divided by 3?
0
What is the remainder when 467 is divided by 17?
8
Calculate the remainder when 146 is divided by 43.
17
Calculate the remainder when 58 is divided by 12.
10
Calculate the remainder when 482 is divided by 18.
14
Calculate the remainder when 21137 is divided by 7.
4
Calculate the remainder when 209 is divided by 31.
23
What is the remainder when 8954 is divided by 29?
22
What is the remainder when 102 is divided by 8?
6
What is the remainder when 4178 is divided by 55?
53
What is the remainder when 334 is divided by 14?
12
Calculate the remainder when 614 is divided by 208.
198
What is the remainder when 189 is divided by 32?
29
Calculate the remainder when 463 is divided by 121.
100
Calculate the remainder when 5080 is divided by 82.
78
Calculate the remainder when 71 is divided by 19.
14
Calculate the remainder when 39 is divided by 6.
3
What is the remainder when 104 is divided by 12?
8
What is the remainder when 559 is divided by 14?
13
What is the remainder when 2974 is divided by 25?
24
Calculate the remainder when 420 is divided by 47.
44
What is the remainder when 908 is divided by 300?
8
What is the remainder when 377 is divided by 54?
53
What is the remainder when 632 is divided by 106?
102
What is the remainder when 100 is divided by 27?
19
What is the remainder when 730 is divided by 10?
0
What is the remainder when 19 is divided by 11?
8
Calculate the remainder when 66 is divided by 34.
32
What is the remainder when 105 is divided by 68?
37
What is the remainder when 4831 is divided by 302?
301
What is the remainder when 359 is divided by 70?
9
Calculate the remainder when 1101 is divided by 161.
135
Calculate the remainder when 41 is divided by 39.
2
Calculate the remainder when 5822 is divided by 208.
206
What is the remainder when 63 is divided by 7?
0
What is the remainder when 106 is divided by 13?
2
Calculate the remainder when 950 is divided by 7.
5
Calculate the remainder when 1592 is divided by 50.
42
Calculate the remainder when 4840 is divided by 1209.
4
Calculate the remainder when 573 is divided by 13.
1
What is the remainder when 110 is divided by 38?
34
Calculate the remainder when 374 is divided by 131.
112
Calculate the remainder when 1147 is divided by 46.
43
Calculate the remainder when 1063 is divided by 97.
93
What is the remainder when 333 is divided by 113?
107
What is the remainder when 737 is divided by 18?
17
Calculate the remainder when 1590 is divided by 346.
206
Calculate the remainder when 1602 is divided by 36.
18
What is the remainder when 3059 is divided by 170?
169
What is the remainder when 58 is divided by 13?
6
Calculate the remainder when 19599 is divided by 33.
30
What is the remainder when 1349 is divided by 2?
1
Calculate the remainder when 846 is divided by 88.
54
Calculate the remainder when 449 is divided by 62.
15
What is the remainder when 624 is divided by 62?
4
Calculate the remainder when 2643 is divided by 115.
113
Calculate the remainder when 3997 is divided by 400.
397
Calculate the remainder when 3885 is divided by 54.
51
What is the remainder when 2494 is divided by 31?
14
What is the remainder when 113 is divided by 15?
8
Calculate the remainder when 4869 is divided by 56.
53
What is the remainder when 843 is divided by 15?
3
What is the remainder when 166 is divided by 28?
26
Calculate the remainder when 548 is divided by 57.
35
What is the remainder when 117 is divided by 25?
17
What is the remainder when 5558 is divided by 40?
38
Calculate the remainder when 73 is divided by 31.
11
What is the remainder when 401 is divided by 45?
41
Calculate the remainder when 305 is divided by 28.
25
Calculate the remainder when 86 is divided by 59.
27
Calculate the remainder when 51 is divided by 16.
3
Calculate the remainder when 7224 is divided by 25.
24
Calculate the remainder when 202 is divided by 53.
43
What is the remainder when 589 is di